{"id":7620,"date":"2024-11-22T09:20:04","date_gmt":"2024-11-22T08:20:04","guid":{"rendered":"https:\/\/bloomdesignbcn.com\/projecte\/atico-balmes\/"},"modified":"2024-12-04T12:54:50","modified_gmt":"2024-12-04T11:54:50","slug":"atico-balmes","status":"publish","type":"projecte","link":"https:\/\/bloomdesignbcn.com\/es\/projecte\/atico-balmes\/","title":{"rendered":"\u00c1tico Balmes"},"content":{"rendered":"\n<p>En este caso se trata de la reforma integral en un \u00e1tico d\u00faplex de 350m2. En un edificio de 1950, la vivienda se encontraba en su estado original. El proyecto era realizar una reforma integral, manteniendo el estilo cl\u00e1sico pero adaptado a lo contempor\u00e1neo, siguiendo la l\u00ednea de la categor\u00eda de la finca. Para ello era necesario unir espacios, para dotar a la vivienda de una continuidad espacial, eliminando unas 15 paredes de carga, que divid\u00edan el interior. En planta baja, un acierto fue intercambiar la escalera y cocina, de su ubicaci\u00f3n original. Posicionando la escalera en el centro de la planta, y la cocina en contacto con el espectacular conjunto de sal\u00f3n-terraza-cocina-comedor-hall de acceso y escalera. Este conjunto posee una superficie continua de unos 150 m2. as\u00ed se consiguen \u00abespacios continuos\u00bb, imagen de modernidad. La escalera, al tener esta posici\u00f3n central, ordena perfectamente la planta superior. En ella se articulan alrededor de ella, 3 suites con terrazas. La intervenci\u00f3n en el aspecto estructural fue compleja y completa. Adem\u00e1s de la eliminaci\u00f3n de unas 15 paredes de carga, se reforzaron a su vez, los techos de cada planta.           <\/p>\n","protected":false},"featured_media":7184,"template":"","categories":[],"class_list":["post-7620","projecte","type-projecte","status-publish","has-post-thumbnail","hentry"],"acf":[],"_links":{"self":[{"href":"https:\/\/bloomdesignbcn.com\/es\/wp-json\/wp\/v2\/projecte\/7620","targetHints":{"allow":["GET"]}}],"collection":[{"href":"https:\/\/bloomdesignbcn.com\/es\/wp-json\/wp\/v2\/projecte"}],"about":[{"href":"https:\/\/bloomdesignbcn.com\/es\/wp-json\/wp\/v2\/types\/projecte"}],"wp:featuredmedia":[{"embeddable":true,"href":"https:\/\/bloomdesignbcn.com\/es\/wp-json\/wp\/v2\/media\/7184"}],"wp:attachment":[{"href":"https:\/\/bloomdesignbcn.com\/es\/wp-json\/wp\/v2\/media?parent=7620"}],"wp:term":[{"taxonomy":"category","embeddable":true,"href":"https:\/\/bloomdesignbcn.com\/es\/wp-json\/wp\/v2\/categories?post=7620"}],"curies":[{"name":"wp","href":"https:\/\/api.w.org\/{rel}","templated":true}]}}

Ático Balmes

<p>En este caso se trata de la reforma integral en un ático dúplex de 350m2. En un edificio de 1950, la vivienda se encontraba en su estado original. El proyecto era realizar una reforma integral, manteniendo el estilo clásico pero adaptado a lo contemporáneo, siguiendo la línea de la categoría de la finca. Para ello era necesario unir espacios, para dotar a la vivienda de una continuidad espacial, eliminando unas 15 paredes de carga, que dividían el interior. En planta baja, un acierto fue intercambiar la escalera y cocina, de su ubicación original. Posicionando la escalera en el centro de la planta, y la cocina en contacto con el espectacular conjunto de salón-terraza-cocina-comedor-hall de acceso y escalera. Este conjunto posee una superficie continua de unos 150 m2. así se consiguen «espacios continuos», imagen de modernidad. La escalera, al tener esta posición central, ordena perfectamente la planta superior. En ella se articulan alrededor de ella, 3 suites con terrazas. La intervención en el aspecto estructural fue compleja y completa. Además de la eliminación de unas 15 paredes de carga, se reforzaron a su vez, los techos de cada planta.           </p>
